e the remainder when a is divided by 35.
33
Let i(z) = -z**3 - 31*z**2 + 61*z - 136. Let g = 49 + 33. Calculate the remainder when g is divided by i(-33).
24
Suppose -49*b = -36*b - 221. What is the remainder when 83 is divided by b?
15
Let u = 33 + -29. Calculate the remainder when 86/u*(1 + 1) is divided by 15.
13
Let n(s) = -9*s. Let m be n(-6). Suppose -178 = -4*y + m. Calculate the remainder when y is divided by 12.
10
Suppose -1140 = 12*k - 2*k. What is the remainder when 19 is divided by 3*k/(-26) - (-4)/(-26)?
6
Let p(m) = -4*m**2 + 309*m + 241. Let g(z) = -z**3 - 7*z**2 + 6*z + 2. Calculate the remainder when g(-8) is divided by p(78).
4
Let p(b) = -37*b - 341. Let w = 188 + -104. What is the remainder when w is divided by p(-10)?
26
Let y be 9/27*(3 - -3). What is the remainder when 17 is divided by ((-30)/(-9) + -4)/(y/(-33))?
6
Calculate the remainder when ((-725)/(-10) + -2)/(4/8) is divided by 18.
15
Let l(t) = 12*t. Let p(g) = g - 6. Let j(o) = o**3 - 11*o**2 + o + 4. Let r be j(11). What is the remainder when l(2) is divided by p(r)?
6
Let r = -211 + 386. Calculate the remainder when r is divided by 20.
15
Suppose 3*g - 2*p = 34 + 21, 0 = -g + 2*p + 21. What is the remainder when 46 is divided by g?
12
Let k(a) = -a**2 + 7*a + 1. Let j be k(5). Suppose j*x + 48 = 13*x. What is the remainder when 85 is divided by x?
13
Suppose 0 = 2*u - 10*u + 72. Let l(c) = c**3 - 8*c**2 - 7*c - 2. Calculate the remainder when 51 is divided by l(u).
3
Let c(d) = 4*d**2 + 2*d - 7. Suppose 3*i + 8 = -2*o + 3, -5*i = 3*o + 10. What is the remainder when c(i) is divided by (-11 - -16)*84/20?
20
Suppose 37*o - 34*o - 30 = 0. What is the remainder when 207 is divided by o?
7
Let b = 24 + -24. Suppose -21*j + 15*j + 60 = b. What is the remainder when 28 is divided by j?
8
Suppose 0 = -k - 1 + 4. Suppose 0*v + k*v - 66 = 0. Suppose -6*o + 146 = -v. What is the remainder when o is divided by 15?
13
Let u(g) = 4*g**3 + 3*g**2 + 2*g + 1. Let y be u(-2). Let o = -20 - y. Let i(r) = r**3 - 5*r**2 - 4*r - 6. Calculate the remainder when i(6) is divided by o.
0
Calculate the remainder when -1682*1/8*(19 - 23) is divided by 65.
61
Calculate the remainder when 55 is divided by (0 + -2 - -19)*3/3.
4
Let a = 23 + -31. Let l = a + 12. Suppose -2*f - 3*u + 18 = 0, l*f = 2*f - 4*u + 22. Calculate the remainder when f is divided by 2.
1
Suppose 5*a + 6 = 5*c + 2*a, -5*c - 6 = 3*a. Suppose -57*r + 62*r - 250 = c. What is the remainder when r is divided by 18?
14
Suppose 310 = 4*u - 3*l, 11*l + 82 = u + 8*l. What is the remainder when 231 is divided by u?
3
Let x = 1639 - 1336. Calculate the remainder when x is divided by 79.
66
Let k be (-1)/(1/(-2)) - 5. Calculate the remainder when 13 is divided by 44/6 - k/(-9).
6
Suppose -3*z + 0*z - 225 = 0. Let h = 116 + z. What is the remainder when 122 is divided by h?
40
Let k be (-3)/(-15) + (-242)/10. Let m = -23 - k. What is the remainder when 10 is divided by m?
0
Let i(c) = -8*c - 34. Calculate the remainder when 109 is divided by i(-8).
19
Suppose 179 - 1929 = -14*j. Calculate the remainder when j is divided by 34.
23
Let x be (-60)/(-75)*1*5. Suppose 3*p - 52 - 11 = 0. Calculate the remainder when p is divided by (9*1/(-1))/((-3)/x).
9
Let a be (12/5)/(39/130). Suppose -a*r = -7*r. Suppose -2*l + 4*v + 46 = r, -3*l - 4*v = -14 - 5. What is the remainder when 49 is divided by l?
10
Let g(l) = -108*l**3 - l. Let n be g(-1). Suppose 5*c - n = 21. Calculate the remainder when 51 is divided by c.
25
Let g be 8 - 5/(3 - -2). Calculate the remainder when 35 is divided by 4/7 + 87/g.
9
Let n = -157 + 159. Suppose 0 = -9*t + 16 + n. Calculate the remainder when 5 is divided by t.
1
Suppose -157 = -2*u - 5. Suppose 25*m = 30*m + 20. Calculate the remainder when u is divided by m/((-4)/(-39))*2/(-3).
24
Suppose 5*r + 3*x - 25 = -x, 0 = 4*r + x - 9. Let m = 30 - 12. Calculate the remainder when 2/(-2*r/(-53)) is divided by m.
17
Suppose -4*x + 12 = 3*d, -2*x + 15 = 3*x - 4*d. Calculate the remainder when x*4/(-24)*-14 is divided by 4.
3
Let i = -26 - -31. Suppose g - 4*x + 17 = 0, 0*g = -5*g + i*x - 10. Suppose 44 = 2*j + 3*o + 16, 4*j = g*o + 92. What is the remainder when 58 is divided by j?
18
Calculate the remainder when ((-308)/(-231))/(4/927) is divided by 5.
4
Suppose 3*n - 28 - 29 = 0. Let j(z) = z**2 + 8*z - 10. Let p be j(-11). Let v = -13 + p. What is the remainder when n is divided by v?
9
What is the remainder when 124 is divided by 17 + 12/(-6) - 5?
4
Suppose 0 = -5*z - k + 2*k + 822, 5*k + 480 = 3*z. What is the remainder when z is divided by 43?
36
Suppose -100*q + 26*q + 6270 = 116*q. Suppose 2 = -x + 6. Suppose 4*y + x = 3*y, -29 = -l + 5*y. Calculate the remainder when q is divided by l.
6
Let j(k) = -96 + k - 96 + 194 + k**2. Let n be 34/(-10) + 2/5. What is the remainder when 27 is divided by j(n)?
3
Let k = 951 - 927. What is the remainder when k is divided by 6?
0
Suppose 9 + 9 = 2*l. Calculate the remainder when (-8)/5*(-26 + -29) is divided by l.
7
Let s(c) = 2*c**2 + 38*c + 151. What is the remainder when s(-21) is divided by 14?
11
Suppose 0 = 115*b - 118*b + 21. What is the remainder when (225/(-12))/(2/(-8)) is divided by b?
5
Suppose -293 = -3*t - 17. Let p = -321 - -378. Let v = t - p. What is the remainder when v is divided by 12?
11
Let l(i) = 17 - 10 + i**2 - 2*i - 6. Suppose 2 = 2*f - 4. What is the remainder when 6 is divided by l(f)?
2
Calculate the remainder when 107 is divided by ((-108)/18)/(2/(-6)).
17
Let n(s) = s**3 + 3*s**2 + 1. Let u be n(3). Let x be (-4)/16 + (-1765)/(-20). Let h = x - u. Calculate the remainder when h is divided by 12.
9
Suppose -2*y = -0*w - 3*w - 22, -4*y = -4*w - 44. Suppose 511*u + 59 = 516*u + 2*n, 5*n - 80 = -5*u. Calculate the remainder when y is divided by u.
2
Calculate the remainder when ((-99)/(-18) - 3)*290/25 is divided by 11.
7
Let i = 8 + 1. Suppose -11*o = -i*o - 10. Calculate the remainder when 12 is divided by o.
2
Let x be (4/12)/((-2)/(-12)). Suppose 1 = q - u + x, q + u = 7. Suppose -4*b + 53 = k + 4*k, q*b - 33 = -3*k. What is the remainder when k is divided by 4?
1
Suppose 140 = 29*r - 22*r. Suppose 4*a + 32 = 4*c + 4, 2*a = 3*c - r. Calculate the remainder when (4/(-6))/((-4)/174) is divided by c.
5
Suppose -h - h - 196 = 0. Let w = -92 - h. Calculate the remainder when 20 is divided by w.
2
Let d = 83 + -76. What is the remainder when 131 is divided by d?
5
Suppose 1791 = 3*x + 3*f - 477, 0 = -x + 3*f + 768. Let p = x - 1113. Calculate the remainder when p*(1 - 2)/3 is divided by 30.
28
Let k = -330 + 828. Calculate the remainder when k is divided by 72.
66
Let z = 59 + 32. Suppose -3*p - 3*h = -147, 2*p - 4*p = h - 96. Calculate the remainder when z is divided by p.
44
Let b(p) = p**3 + 10*p**2 + 4*p - 2. Suppose -3*t + 5*f + 79 = -15, -f + 1 = 0. Calculate the remainder when b(-8) is divided by t.
28
What is the remainder when 158 is divided by 2/8 - (-19)/4?
3
Suppose x - 3*i + 28 = 2*x, 5*i = -x + 18. Calculate the remainder when 168 is divided by x.
39
Let s = -1 - -12. Suppose s*m - 14*m = -42. Calculate the remainder when 40 is divided by m.
12
Let f = 3 - 1. Suppose -y - 2 = 0, -g + 234 = g - 3*y. Calculate the remainder when g is divided by 8/4*29/f.
27
What is the remainder when (54/(-4) + -2)/(8/(-48)) is divided by 24?
21
Suppose -81 = -4*p - 2*f + 15, -5*p = -5*f - 150. What is the remainder when 129 is divided by p?
25
Suppose 5*y - 20 = -2*s + y, 0 = -4*s - 4*y + 28. Suppose -2*c - s = -50. Calculate the remainder when 68 is divided by c.
22
Let d(r) = -r**3 + 11*r**2 + 16. Let s(v) = -4*v - 2. What is the remainder when s(-12) is divided by d(11)?
14
Let h(v) = 89*v + 52. Let s be h(13). Suppose 12*o = -o + s. What is the remainder when o is divided by 49?
44
Suppose -5*d + 5*a + 21 = -79, 0 = 4*d - 2*a - 84. Suppose b = c - 10 - d, 3*c - 100 = 4*b. Let j = 75 - c. What is the remainder when j is divided by 16?
15
Let u = 415 + -146. What is the remainder when u is divided by 27?
26
Let x(t) = t**2 - 9*t + 14. Suppose 4*c - 20 - 24 = 0. What is the remainder when x(c) is divided by 13?
10
Suppose -m + 372 = 4*n + 28, -3*n + 235 = -5*m. What is the remainder when n is divided by 24?
13
Suppose s - 64 = -5*n - 3*s, 4*n - 2*